re the prime factors of 90254425?
5, 3610177
What are the prime factors of 1738216410?
2, 3, 5, 7, 8277221
List the prime factors of 128688344.
2, 397, 40519
List the prime factors of 107023423.
13, 8232571
List the prime factors of 171856764.
2, 3, 61, 78259
What are the prime factors of 71746605?
3, 5, 7, 239, 953
List the prime factors of 306347306.
2, 79, 1938907
What are the prime factors of 650151338?
2, 151, 2152819
List the prime factors of 28059481.
97, 289273
What are the prime factors of 140034139?
7, 137, 146021
What are the prime factors of 1880144210?
2, 5, 7, 97, 5651
List the prime factors of 121300783.
521, 232823
List the prime factors of 376916004.
2, 3, 67, 97, 179
List the prime factors of 366433982.
2, 71, 2580521
What are the prime factors of 656809066?
2, 7069, 46457
What are the prime factors of 38219168?
2, 13, 91873
What are the prime factors of 3041819689?
28871, 105359
What are the prime factors of 206228949?
3, 587, 117109
What are the prime factors of 115259099?
17, 149, 45503
List the prime factors of 219686832.
2, 3, 29, 31, 1697
What are the prime factors of 126870120?
2, 3, 5, 13, 27109
List the prime factors of 91248208.
2, 83, 68711
What are the prime factors of 127332122?
2, 89, 149, 4801
List the prime factors of 12297610.
2, 5, 13, 94597
What are the prime factors of 253156521?
3, 457, 184651
What are the prime factors of 80230426?
2, 19, 71, 131, 227
List the prime factors of 32290220.
2, 5, 31, 52081
What are the prime factors of 36006161?
36006161
List the prime factors of 5283428251.
373, 1039, 13633
List the prime factors of 112232493.
3, 31, 134089
List the prime factors of 149947366.
2, 74973683
What are the prime factors of 2731168287?
3, 33718127
List the prime factors of 1228204309.
523, 2348383
What are the prime factors of 784130188?
2, 29, 701, 9643
What are the prime factors of 2188589575?
5, 19, 281, 863
What are the prime factors of 694035?
3, 5, 53, 97
What are the prime factors of 230078656?
2, 83, 43313
List the prime factors of 2769056539.
2769056539
What are the prime factors of 1930258654?
2, 965129327
What are the prime factors of 1013815707?
3, 5531, 61099
List the prime factors of 28408416.
2, 3, 223, 1327
List the prime factors of 108042804.
2, 3, 1049, 2861
List the prime factors of 24767072.
2, 11, 71, 991
List the prime factors of 1911474003.
3, 199, 3201799
List the prime factors of 1019905313.
7, 19, 751, 10211
List the prime factors of 207167331.
3, 7, 1693, 5827
What are the prime factors of 1157372?
2, 289343
What are the prime factors of 1232028050?
2, 5, 11, 203641
List the prime factors of 115049700.
2, 3, 5, 42611
List the prime factors of 2028713063.
13, 156054851
List the prime factors of 863746671.
3, 53, 5432369
List the prime factors of 75783556.
2, 3593, 5273
List the prime factors of 41213840.
2, 5, 515173
List the prime factors of 40019165.
5, 149, 53717
What are the prime factors of 181627239?
3, 5119, 11827
List the prime factors of 2002274534.
2, 13, 8501, 9059
List the prime factors of 187077030.
2, 3, 5, 7, 890843
What are the prime factors of 157895479?
7, 131, 233, 739
List the prime factors of 3078049898.
2, 7, 11, 2689, 7433
List the prime factors of 3142445314.
2, 21149, 74293
List the prime factors of 1643559981.
3, 7, 78264761
What are the prime factors of 14719014?
2, 3, 817723
List the prime factors of 492085716.
2, 3, 41007143
What are the prime factors of 4777287308?
2, 1194321827
What are the prime factors of 245751788?
2, 61437947
What are the prime factors of 166568369?
11, 23, 43, 61, 251
What are the prime factors of 1537567382?
2, 13, 89, 503, 1321
List the prime factors of 23596801.
23596801
What are the prime factors of 333317509?
7, 47616787
List the prime factors of 1544117537.
193, 8000609
What are the prime factors of 2763822403?
19, 145464337
What are the prime factors of 4991184161?
23, 2243, 96749
What are the prime factors of 26730098?
2, 107, 124907
List the prime factors of 69069189.
3, 7, 1621, 2029
List the prime factors of 124165356.
2, 3, 7, 29, 50971
What are the prime factors of 105191100?
2, 3, 5, 7, 59, 283
List the prime factors of 216803917.
11, 463, 42569
What are the prime factors of 14509907?
14509907
List the prime factors of 5445555504.
2, 3, 29, 3912037
What are the prime factors of 104886002?
2, 13, 4034077
List the prime factors of 68146125.
3, 5, 23, 7901
List the prime factors of 1319070300.
2, 3, 5, 1523, 2887
What are the prime factors of 146964032?
2, 211, 10883
What are the prime factors of 646468149?
3, 43, 5011381
What are the prime factors of 30460698?
2, 3, 188029
List the prime factors of 232106172.
2, 3, 19342181
What are the prime factors of 10666183?
11, 113, 8581
What are the prime factors of 94298641?
94298641
What are the prime factors of 480041254?
2, 7, 11, 3117151
List the prime factors of 374786228.
2, 151, 620507
List the prime factors of 94137430.
2, 5, 457, 20599
What are the prime factors of 14778056?
2, 67, 79, 349
List the prime factors of 41451524.
2, 10362881
List the prime factors of 1728024205.
5, 345604841
List the prime factors of 80662201.
19, 223441
What are the prime factors of 825541246?
2, 389, 1061107
What are the prime factors of 5676475089?
3, 659, 2871257
List the prime factors of 1776660062.
2, 971, 914861
List the prime factors of 2807860315.
5, 13, 673, 64187
List the prime factors of 2256372172.
2, 9109, 61927
What are the prime factors of 485992742?
2, 2339, 103889
What are the prime factors of 170779815?
3, 5, 761, 4987
List the prime factors of 785379925.
5, 11, 2855927
List the prime factors of 505994759.
409, 1237151
List the prime factors of 107871009.
3, 35957003
List the prime factors of 23957329.
11, 23, 94693
What are the prime factors of 183730841?
7, 61, 61469
What are the prime factors of 31754279?
1049, 30271
List the prime factors of 248253968.
2, 15515873
List the prime factors of 401691709.
227, 1093, 1619
What are the prime factors of 55188151?
55188151
List the prime factors of 24754548.
2, 3, 7, 13, 22669
List the prime factors of 115404885.
3, 5, 59, 14489
List the prime factors of 207274891.
53, 397, 9851
List the prime factors of 59809404.
2, 3, 4984117
List the prime factors of 5765861355.
3, 5, 17, 22611221
List the prime factors of 1426473394.
2, 41, 17396017
What are the prime factors of 4316036249?
7, 616576607
What are the prime factors of 650528456?
2, 6271, 12967
What are the prime factors of 871552476?
2, 3, 31, 780961
List the prime factors of 4544046784.
2, 71000731
List the prime factors of 774744694.
2, 59, 6565633
List the prime factors of 58150735.
5, 19, 612113
List the prime factors of 3645418028.
2, 7, 23, 79, 907
List the prime factors of 1355558651.
1355558651
What are the prime factors of 82930609?
82930609
What are the prime factors of 33243294?
2, 3, 7, 347, 2281
List the prime factors of 774026288.
2, 7, 331, 20879
What are the prime factors of 190015382?
2, 79, 1202629
What are the prime factors of 234018904?
2, 7, 596987
What are the prime factors of 589770162?
2, 3, 71, 461479
List the prime factors of 1549663243.
173, 8957591
List the prime factors of 357203763.
3, 7, 629989
What are the prime factors of 4986171055?
5, 30757, 32423
What are the prime factors of 16080257?
103, 156119
List the prime factors of 36636868.
2, 9159217
What are the prime factors of 1023355111?
47, 53, 109, 3769
List the prime factors of 208788987.
3, 11, 2131, 2969
What are the prime factors of 169487407?
131, 1293797
What are the prime factors of 1657351221?
3, 83, 653, 10193
What are the prime factors of 142582500?
2, 3, 5, 6337
List the prime factors of 180403868.
2, 45100967
What are the prime factors of 33357320?
2, 5, 833933
List the prime factors of 564882908.
2, 109, 1295603
List the prime factors of 898627916.
2, 224656979
List the prime factors of 26854644.
2, 3, 97, 23071
List the prime factors of 498499946.
2, 7, 43, 71, 107, 109
List the prime factors of 360701466.
2, 3, 739, 81349
What are the prime factors of 365034975?
3, 5, 4867133
What are the prime factors of 833503307?
7, 13, 9159377
What are the prime factors of 18157276?
2, 227, 19997
What are the prime factors of 758934455?
5, 317, 478823
What are the prime f